 1. Let y be o(2). What is the highest common divisor of n and y?
3
Let c be (-8)/5 - (-2)/(-5). Let w be 57/4 - c/(-8). Calculate the highest common divisor of 56 and w.
14
Let i = -7 - -11. Let r be (11 + -5)/(6/16). What is the highest common divisor of i and r?
4
Let j(c) = 25*c + 33. Let y be j(7). Calculate the highest common factor of 26 and y.
26
Let u(i) = -i**3 + 2*i**2 + 1. Let b be ((-4)/(-2))/(-2 + 3). Let p be u(b). Calculate the greatest common factor of 4 and p.
1
Let q = 74 + -50. Let s = q + -12. What is the greatest common divisor of s and 6?
6
Let m be 73/4 - ((-21)/(-4) + -5). What is the highest common divisor of m and 144?
18
Let m = -2 - -4. Suppose -3*j + 22 = -2*a - 12, 0 = -j - 2*a - m. Let o(t) = t - 2. Let x be o(j). What is the greatest common divisor of 9 and x?
3
Suppose 3*h - 41 = -o, 172 = 4*o + 3*h + h. Let c = o - 14. Let g(t) = t**2 - 13*t + 22. Let q be g(12). Calculate the highest common factor of q and c.
10
Let n(v) = -v - 4. Suppose -m = -4*o - 35 - 5, 3*m = -3*o - 15. Let c be n(o). Calculate the greatest common factor of c and 1.
1
Suppose -146 = -3*j + z, 0 = -3*j + 4*z - 9*z + 170. What is the highest common factor of j and 100?
50
Suppose 6 = 2*r + 4*h, 4*r - 2*h - 11 = 21. Calculate the greatest common divisor of 7 and r.
7
Let o(g) = 7*g**2 + 6*g + 1. Let k be o(-4). Suppose -4*n + 3*h = 221, n - 2*n + 4*h = 65. Let t = n + k. What is the highest common factor of 12 and t?
12
Suppose -s = -2*v + 17, 3*v + 4*s - 24 = 29. Calculate the greatest common factor of v and 209.
11
Let k be (-5)/(30/(-4)) - (-356)/6. What is the greatest common divisor of 24 and k?
12
Let w be 2/(-2*(-2)/(-6)). Let j(c) = -c**3 - 10*c**2 + 2*c - 8. Let l be j(-10). Let a be l/w - (-4)/(-12). Calculate the highest common divisor of 9 and a.
9
Let w be -1 + 2 + -2 - -78. Calculate the greatest common divisor of 11 and w.
11
Let v(k) = k - 1. Let z be v(1). Let u be z - ((-2)/2 - 23). Calculate the highest common divisor of u and 6.
6
Suppose -4*s = s. Suppose 3*n + 2*n - 100 = s. What is the highest common factor of n and 10?
10
Let r(n) = -n**3 + 9*n**2 - 6*n - 6. Let y be r(8). Suppose 4*m - 66 = y. What is the highest common divisor of 114 and m?
19
Let u = 31 + -21. Let t(r) be the first derivative of r**4/4 - 5*r**3/3 - 7*r**2/2 - 9*r + 1. Let l be t(7). What is the greatest common divisor of u and l?
10
Let g = -4 + 2. Let y be ((-20)/6)/(g/3). Suppose 1 = 2*h - 9. Calculate the greatest common divisor of h and y.
5
Suppose -2*i = 4*z + 20, 60 = i - 3*i + 4*z. Let x be 4/(1 + i/28). What is the greatest common factor of x and 154?
14
Suppose 3*k = -4*z - 20, -z + k + 8 = -3*z. Let b be z - (0 - (2 - -8)). Suppose -5*v + 20 = -0. What is the highest common divisor of v and b?
4
Let j be 4 + 56 - (-3 - 2). What is the highest common divisor of 130 and j?
65
Let b = 58 + -34. What is the greatest common divisor of 16 and b?
8
Let j(c) = -3*c - 30. Let a be j(-12). Suppose -5*r - 21 = -a*r. What is the highest common divisor of 3 and r?
3
Let w be ((-36)/(-16))/(1/88*2). What is the greatest common factor of 9 and w?
9
Suppose -4*g - 2*d + 154 = 0, -2*d = -5*d + 15. What is the greatest common factor of 24 and g?
12
Let h be (-11940)/(-100) + 6/10. Calculate the greatest common divisor of 48 and h.
24
Let v = 1 + -8. Let x = v - -17. What is the highest common factor of x and 90?
10
Suppose -p + 7 + 2 = -5*o, -4*p + 21 = -5*o. Let v = o - -25. What is the greatest common divisor of v and 6?
6
Let m(g) = -5*g - 10. Let c be m(-7). Suppose -c + 1 = -p. Let t = p - -8. What is the highest common factor of t and 80?
16
Suppose 0 = 3*f - 5*y - 310, 3*f - y = 373 - 59. What is the greatest common divisor of 15 and f?
15
Let c = 38 - 26. What is the greatest common factor of 36 and c?
12
Let s = -27 - -43. Calculate the highest common divisor of 144 and s.
16
Suppose 2*n - 18 = 10. Calculate the greatest common factor of 154 and n.
14
Let v be ((-12)/(-9))/(4/6). Suppose 16 = 4*a - 2*k, -v*a + 0*k = -5*k. Let h be (-1 - -14) + (-2)/(-1). Calculate the greatest common factor of h and a.
5
Suppose 24*r - 448 = 20*r. What is the highest common divisor of r and 32?
16
Let x = 5 - -4. Let f = 10 - x. What is the greatest common divisor of 9 and f?
1
Suppose 0 = 5*l - 46 - 79. Let o = -5 + 17. Let g = 17 - o. What is the greatest common divisor of g and l?
5
Let l(n) be the first derivative of -n**4/4 - 4*n**3/3 + 3*n**2/2 + 6*n - 3. Let v be l(-5). What is the greatest common divisor of v and 48?
16
Suppose 4*o - 48 - 12 = 0. Let q = 5 + -3. Suppose 4*l + q*f - 28 + 0 = 0, -5*l - f = -32. Calculate the highest common factor of l and o.
3
Let i = -129 + 138. What is the highest common factor of i and 9?
9
Suppose -4*p + 3*m + 57 = -2*m, 2*p + 2*m - 6 = 0. Suppose h - 8 = p. Calculate the highest common divisor of h and 8.
8
Let m be (150/20)/(3/30). Let z be (0 + -1)/((-2)/12). Suppose 0 = -g - 4*s - 14 + 37, 3*s = z. Calculate the greatest common factor of m and g.
15
Suppose -4*r + 4*o - 8 = 0, -4*r - r + 5 = -2*o. Suppose -u - 131 = -3*t + r*u, 0 = -4*t + 5*u + 175. Calculate the greatest common factor of t and 5.
5
Let p = -588 - -918. Calculate the greatest common factor of p and 30.
30
Suppose 0 = -2*u - 6 + 30. What is the highest common factor of 30 and u?
6
Let b(r) = -r + 4. Let w(h) = 3*h**3 + 2*h**2 - 4*h**3 + 6*h + 1 - 4*h. Let o be w(-1). Let l be b(o). Calculate the highest common divisor of 14 and l.
2
Suppose 4*t = -z + 19, 3*t + 2*z = 4*z + 17. Suppose t*k = y - 75, -3*k - 60 = k - 5*y. Let b = -9 - k. What is the highest common divisor of b and 2?
2
Let a be (-107)/3 + 6/9. Let m = -15 - a. Calculate the highest common factor of m and 30.
10
Let l(d) = -24*d - 9. Let m(h) = 2*h + 2 + 3 + 10*h. Let v(k) = 4*l(k) + 7*m(k). Let j be v(-1). Calculate the greatest common divisor of 44 and j.
11
Let x(f) = f**3 + 3*f**2 - 7*f + 4. Let z be x(-4). Let w(u) = 3*u - 20. Let a be w(z). What is the highest common divisor of a and 84?
28
Let b(j) = -j**2 + 15*j - 12. Let n be b(11). Calculate the greatest common divisor of 80 and n.
16
Suppose -2*u = 2*f - 108, -34 = 2*f - 3*f + 3*u. What is the greatest common divisor of 7 and f?
7
Let n(p) = -p**3 - 11*p**2 + 7*p. Let s be n(-12). Let v = 2 - 0. Suppose 72 = q + v*q. Calculate the highest common factor of s and q.
12
Suppose 3*u - 8*u = -1050. What is the greatest common divisor of u and 30?
30
Let h be 3*3*52/18. Let b = 111 - -19. Suppose b = 3*i - i. What is the greatest common factor of h and i?
13
Suppose 3*g - 2*p - 340 = 0, 3*g - p + 0*p = 344. Let v(m) = 7*m**2 - 2*m - 3. Let k be v(-2). What is the highest common factor of k and g?
29
Let z = 19 + 26. What is the greatest common factor of 5 and z?
5
Let v be -2 - -1 - (-191 + 5). Let c = v - 108. Calculate the greatest common divisor of c and 11.
11
Let l(i) = -8*i - 15. Let c be l(-6). Suppose 0 = -5*g + 2 + 13. What is the greatest common divisor of c and g?
3
Let u = 9 + -4. Suppose 0 = u*l - 261 + 91. What is the greatest common factor of 51 and l?
17
Suppose -15*w + 524 = -301. Suppose -5*p - 1 + 26 = 0. What is the highest common factor of p and w?
5
Suppose -3*z = z - 120. What is the greatest common divisor of 15 and z?
15
Let g(i) = 6 - 5*i + 10*i**2 - i**3 - 3*i**2 + 0 + 0*i**3. Let m be g(7). Let y = -19 - m. What is the highest common divisor of 90 and y?
10
Let p(w) = w**3 - 9*w**2 + 8*w + 3. Let r be p(8). Suppose -3*f = r*b - 6, 0 = -f - 4*f + 3*b + 50. Calculate the highest common factor of 56 and f.
7
Let z(j) = j - 1. Let m be z(4). Let v be (-4)/m*2*-66. What is the highest common divisor of 16 and v?
16
Let t be 1/1 + (-2 - -106). Let q(x) = -x**2 - 3*x + 5. Let p be q(-5). Let s be (9 - p) + 2/2. What is the highest common divisor of s and t?
15
Let u = 337 + -530. Let a = 49 + u. Let q be -3 + 3 + a/(-1). Calculate the greatest common factor of 16 and q.
16
Let b(i) = -i**2 + 4*i + 2. Let w be b(4). Suppose -k - 4*l = -6*k + 321, -2*k = w*l - 132. Calculate the greatest common divisor of 26 and k.
13
Let l(k) = 17*k - 1. Let a be l(3). Let r = 20 + -10. What is the greatest common divisor of r and a?
10
Suppose 4*d - 147 = -35. What is the highest common divisor of d and 14?
14
Let f be -5